10
Let i = -2110 - -4486. What is the greatest common divisor of i and 48?
24
Suppose 2*c = -2*r + 6, -2*c = 4*r + c - 8. Let i be r*(-84)/(-1 - -2). Let m = 66442 + -66418. Calculate the greatest common factor of i and m.
12
Suppose 23*p - 4604 = -556. Let i = -20 + 27. Suppose -c + 23 = i. Calculate the greatest common divisor of p and c.
16
Suppose -u - 1002 = -3*a, 9*a - 634 = 7*a - 5*u. What is the greatest common divisor of 24 and a?
4
Let i be ((-2)/3)/((-30)/(-2925)). Let f = i + 119. What is the highest common divisor of f and 288?
18
Suppose 3*h - 120 = -h. Let y(l) = -11*l**2 + 397*l - 6. Let d be y(36). What is the highest common factor of h and d?
30
Let v be 60/(-390) - (-12072)/52. Calculate the highest common factor of v and 1972.
116
Let d(h) = 8*h**2 - h - 1. Let u be d(-1). Let p(x) = 127*x**3 - x**2 + 3*x - 2. Let n be p(1). Let g = n - 71. What is the greatest common divisor of g and u?
8
Let m be 10/25*5*570/4. Let q(y) = y**3 + 12*y**2 + 20*y - 1. Let l be q(-6). What is the greatest common factor of m and l?
95
Suppose 422 = 2*n - 74. Suppose 126*w + 8432 = 262*w. What is the greatest common factor of n and w?
62
Let j be (3 + (-3)/2)*576/27. Calculate the highest common factor of j and 10.
2
Suppose n - 5*n + 63 = -h, 5*h = 25. Suppose 2*z - 102 = -a + 27, -4*z + 615 = 5*a. What is the greatest common factor of a and n?
17
Suppose 10*a = 14*a - 96. Let w(z) = 25*z - 1. Let j be w(2). Suppose j*l + 240 = 53*l. Calculate the greatest common factor of l and a.
12
Let b = 2718 - 1986. Calculate the greatest common factor of 96 and b.
12
Suppose 32*n - 62 = 34. Let h(q) = -q**3 + 5*q**2 - 7*q + 5. Let v be h(n). Let d = -62 - -94. What is the greatest common divisor of d and v?
2
Let r be (1 - -95) + (8/(-2))/1. Let i = 16 + r. What is the highest common divisor of i and 36?
36
Let g(z) = 41*z**2 + 3*z - 94. Let j be g(7). What is the greatest common divisor of 16 and j?
16
Suppose 2*i = i + 12. Let j(y) = -8*y + 24. Let a(v) = 4*v + 3. Let s be a(-3). Let f be j(s). Calculate the greatest common factor of i and f.
12
Let w(r) = r**3 + 4*r**2 + 6*r - 35. Let f be w(11). Let s be f/10 + 20/50. What is the greatest common factor of s and 111?
37
Let k be 3/(-5) + ((-8359)/(-65) - 26). Calculate the highest common divisor of k and 90.
6
Let n = -142 + 146. Suppose -n = -0*u - 2*u. What is the greatest common divisor of 4 and u?
2
Let f(i) = -2*i**2 - 50*i - 48. Let r be f(-24). Suppose -3*m - 4*s = -214, -3*m + 194 = -r*m - s. Calculate the greatest common divisor of 22 and m.
22
Let k(a) = 7*a**2 - 11*a + 0*a**2 + 14 - 6*a**2. Let t be k(10). Suppose 5*g - t*v = -0*g + 47, 2*g = -2*v + 26. What is the highest common factor of g and 11?
11
Let m be (21 - 1/((-6)/(-18)))*18. What is the highest common divisor of 1728 and m?
108
Let m = -703 + 729. Suppose -a = 2*v - m, -48*a = -52*a + 8. What is the highest common divisor of v and 132?
12
Let u be ((-6)/(-9))/(2/(-3))*465. Let d be u/(-35) + 6/(-21). Let i(a) = -a**2 + 17*a - 4. Let p be i(d). Calculate the greatest common divisor of p and 16.
16
Let z be (-1 - 0)/((-25)/300). What is the highest common factor of z and 11076?
12
Let h = 462855 + -462820. Let x(s) = 204*s - 5. Let l be x(5). Calculate the highest common divisor of l and h.
35
Let b(j) = -2*j**3 - 28*j**2 - 152*j + 22. Let d be b(-10). What is the greatest common divisor of 182 and d?
14
Let z(g) = -5*g**2 + 172*g - 64. Let p be z(34). What is the highest common factor of 2876 and p?
4
Let a(s) = 4*s**2 + 3*s - 20. Let k be a(-3). Let t(l) = l**2 - l - 26. Let z be t(k). What is the greatest common factor of z and 3?
1
Suppose 21*u + 5*u = 4524. What is the highest common divisor of u and 1856?
58
Let i(u) = u**2 + u + 56. Let l = -1 + 1. Let h be i(l). Let d(s) = 221*s**2 - 434*s + 12. Let v be d(2). Calculate the greatest common divisor of h and v.
28
Suppose 7*h - h = 3*h + 117. What is the highest common factor of h and 2405?
13
Let l be (9 + (-2948)/22)*(-7)/5. What is the greatest common divisor of 575 and l?
25
Let g(s) = s**2 + 43*s - 31. Let t be g(-44). Suppose -90 = -t*m - 2*m. What is the highest common divisor of 4 and m?
2
Let u be (-735 + 3)/((-172)/258). Calculate the highest common divisor of u and 18.
18
Suppose 2*h + 1 = -2*n + 13, -3*h + 22 = 5*n. Suppose -30 = -n*t - 4. Calculate the greatest common factor of t and 39.
13
Let f(q) = 38*q**2 + 23*q - 103. Let a be f(5). Calculate the highest common divisor of 222 and a.
74
Let o(c) = c**3 + 5*c**2 - 93*c - 496. Let q be o(-6). Let y(h) = -6*h**3 - 3*h**2 - 2*h - 1. Let g be y(-2). What is the highest common factor of g and q?
13
Let i be 100/((9/24)/((-184)/(-32) + -5)). Let w be 1/(-3) + 380/15. Calculate the greatest common divisor of i and w.
25
Let f(b) = 19*b**3 + b - 2. Let v be f(1). Let q be (-20)/(-15) + 2/3. Let x be ((-12)/(-16))/(q/24). Calculate the highest common factor of x and v.
9
Let k be (-15648)/(-4564)*(-784)/(-3). Calculate the greatest common divisor of 28 and k.
28
Let a be (556/(-8) - 12)/((35/(-150))/7). Calculate the highest common divisor of a and 2119.
163
Let u(p) = 20*p + 31. Let y be u(-5). Let r = y - -74. Let l(i) = i**3 - 3*i**2 + 4*i - 2. Let o be l(r). Calculate the greatest common divisor of o and 4.
4
Suppose 2*z - 189 = l, 3*l = 5*l - 6. Let q = z + -44. What is the greatest common factor of q and 91?
13
Suppose -26*d - 1917 = -13565. Let h = -184 + d. What is the highest common factor of 24 and h?
24
Let l = -6124 - -6260. What is the highest common divisor of l and 187?
17
Let z be (49 - 34)/(-1 - (0 - 2)). Let t = -4 + z. Let u(s) = -3*s + 121. Let y be u(0). What is the highest common factor of y and t?
11
Suppose -8*z + 2856 = 16*z. Suppose 2*y - 355 + 3 = -3*l, y = -l + z. What is the greatest common factor of l and 57?
57
Suppose 364 + 1080 = 38*b. Calculate the greatest common divisor of b and 16283.
19
Let a = -7403 - -7495. Calculate the highest common divisor of 2254 and a.
46
Suppose 179 = -z + 187. Suppose -10 = 5*v - 4*l, 5*v = z*v - 2*l + 4. Let w = -9 - -19. What is the greatest common factor of w and v?
2
Suppose 0 = -4*o - 16*z + 3460, 2*o + 21*z = 19*z + 1724. What is the greatest common divisor of 63 and o?
21
Suppose 29*o + 1000 = 24*o. Let b be o/(-6)*306/85. What is the highest common divisor of b and 15?
15
Let t be (-6600)/(-352) + 1/4. Let d(r) = -5*r**2 - 2*r**2 + r**3 + 20*r**2 + 10*r + 4*r - 12. Let j be d(-11). Calculate the greatest common factor of j and t.
19
Let r = 13728 - 13154. What is the greatest common divisor of 2460 and r?
82
Let o(a) = -227 - 71 - 9*a - 7*a. Let r be o(-22). What is the highest common divisor of r and 36?
18
Let j(s) = 43*s**2 + 2*s - 1. Let u = 725 - 723. Let x be j(u). What is the highest common divisor of x and 105?
35
Let x be (-4)/7 - ((2576/(-49) - 5) + 1). Calculate the highest common factor of 364 and x.
28
Let s = 565 - 290. Calculate the greatest common factor of s and 605.
55
Suppose 0*o + 6*o = 432. Let g(y) = y**2 - 4*y + 3. Let q be g(5). Suppose -6*i = -q*i + o. Calculate the highest common divisor of i and 9.
9
Let w(o) be the first derivative of -15*o + 27 - 47/2*o**2. Let b be w(-5). What is the highest common factor of b and 20?
20
Let q be (125/(-10))/(3/30). Let d = q - -128. Let a = -1 + d. Calculate the greatest common divisor of 8 and a.
2
Let g be 2380/(-12)*((-312)/20)/13. Suppose -162*q = -153*q - 126. What is the highest common divisor of q and g?
14
Suppose 4*t + t = -5, -3*a + 48 = -3*t. Suppose -145*c + 39*c + 3180 = 0. Calculate the greatest common divisor of a and c.
15
Let q(v) be the third derivative of -v**4/12 - 4*v**3/3 - 3*v**2. Let m be q(-4). Let t be 2 - ((-2 - m) + -2). Calculate the highest common factor of t and 6.
6
Suppose -12*a = -14*a - 18. Let g = a - -13. Suppose 7*h = 17 + g. What is the greatest common divisor of 33 and h?
3
Let l(m) = -509*m - 8834. Let n be l(-18). What is the greatest common factor of 6191 and n?
41
Let q(o) = 3*o**2 - 13*o + 30. Suppose 27*c + 30 = 32*c. Let p be q(c). Calculate the greatest common divisor of p and 1500.
60
Suppose -10*j + 659 = -1951. What is the highest common factor of j and 45?
9
Let j = -276 + 281. Suppose -10*h = -11*h + 3*c + 29, 5*h = j*c + 15